hen 234 is divided by d?
57
Let f(o) = 9*o**2 + 1. Let c be f(2). Suppose 3*y + 142 = -5*m, 2*y = 3*m - 4*m - 34. Let b = c + m. What is the remainder when b is divided by 7?
4
What is the remainder when 8/4*232/16 is divided by 5?
4
Suppose 0 = 4*k + 3*h + 620, -4*k = -k + 2*h + 466. Let u = 165 + k. What is the remainder when 61 is divided by u?
5
Suppose -k + 4*k + 5*a + 113 = 0, 2*a + 2 = 0. What is the remainder when 23 is divided by (10/(-15))/(2/k)?
11
Calculate the remainder when 164 is divided by (22/(-5) + 0)/((-12)/150).
54
What is the remainder when (-410)/(-6) + (-8)/24 + 0 is divided by 5?
3
Let q be 14*4/(-24)*-15. Suppose -2*r + q = 3*i, -4*i = -2*r - 0*r. What is the remainder when r is divided by 2?
0
Let o = -253 + 257. What is the remainder when 8 is divided by o?
0
Let x(j) = 4*j**2 - 3*j**2 + 3 + 0 + j. What is the remainder when ((-48)/(-28) - (-10)/35) + 31 is divided by x(-3)?
6
What is the remainder when -3*(2*-24 + 4) is divided by 45?
42
Suppose -2*w = 3*w - 1455. Suppose 0 = -r + 4*r - w. What is the remainder when r is divided by 25?
22
Let d = -100 + 102. Suppose -225 = 3*h - 8*h. What is the remainder when h is divided by d + 17 - (0 - -3)?
13
Let g(p) = -6 - 2*p + 35*p**2 - 2 + 6. Let t = 7 - -5. What is the remainder when g(-1) is divided by t?
11
Suppose -7 = x + 6. Let o = 13 + x. Suppose -12 = -4*p - o. Calculate the remainder when 7 is divided by p.
1
Suppose 3*b - 90 - 48 = 0. Calculate the remainder when 181 is divided by b.
43
Let z = 12030 + -20357. Let l = 356 - 378. Calculate the remainder when z/(-121) - 4/l is divided by 14.
13
Suppose 2921*f = 2916*f + 445. What is the remainder when f is divided by 61?
28
Let c(t) = -t + 71. Calculate the remainder when c(0) is divided by 3 + 82/(-26) + 4396/182.
23
Suppose -1 = -5*i + 39. Let r(v) = -2*v**3 - 3*v**2 + 3*v + 4. Let o be r(-3). Suppose 5*m - o = 3. What is the remainder when i is divided by m?
3
Suppose -19*c + 332 = -941. What is the remainder when c is divided by 34?
33
Let v(q) = -q**3 + 6*q**2 + 24*q - 119. What is the remainder when 116 is divided by v(4)?
8
Let x(q) = -q**3 + 13*q**2 - 11*q + 16. Suppose 0 = -w - 3*w + 48. Calculate the remainder when 4/22 + 1162/22 is divided by x(w).
25
Suppose -2*s + 60 = 3*s. Suppose -5*b + 5*j = -435, -4*j + 10 = -6. What is the remainder when (-2)/(-4) + b/2 is divided by s?
10
Let u = 842 - 800. Let i(a) = a. Let m be i(3). Suppose 0 = -f - n - 2*n + 20, n - m = 0. Calculate the remainder when u is divided by f.
9
Let v be (6 - 1)*1 - 1. Let m = 95 + v. Suppose -4*y = n - m, -9 = -0*y - y + 5*n. What is the remainder when 46 is divided by y?
22
Let m be 11 + (-1 + -1)*2. What is the remainder when ((-14)/(-49) - 9/m) + 52 is divided by 18?
15
Suppose -5*d - m + 2261 = -44, 3*d + m = 1385. What is the remainder when d is divided by 31?
26
Let s = -1848 + 2153. What is the remainder when s is divided by 10?
5
Suppose 3*y - 15 + 12 = 0. Suppose -10 = -j - 4*i + 20, -y = i. What is the remainder when 58 is divided by j?
24
Suppose -4*c + 0 = -12. What is the remainder when ((-2)/6)/((-1)/6) is divided by 3/(6/(-4)) + c?
0
Suppose 4*u + z - 660 = 0, 2*u - 5*z = 376 - 46. What is the remainder when u is divided by 82?
1
What is the remainder when 38 is divided by (-1)/(-2) + (627/(-6))/(-11)?
8
Let h be 8/12 - (-290)/6. Let c be (-3 - -4 - 10) + 1. Let z = h + c. Calculate the remainder when z is divided by 15.
11
Let b = 7 - 7. Suppose b*i + 121 = 3*z + 2*i, 0 = -2*z - 5*i + 88. Calculate the remainder when z is divided by 11.
6
Suppose 10 = 5*u - 15. Suppose 9*b - u = 4*b. Suppose b = 5*l - 14. What is the remainder when l is divided by 2?
1
Suppose -2*t - 28 = -n - 3*n, 0 = 3*n + 5*t - 8. Suppose l - n*l = -5. Let h = -1 - -3. What is the remainder when h is divided by l?
0
Suppose -2*m - 72*w + 92 = -77*w, -2*m - w = -68. Calculate the remainder when m is divided by 10.
6
Calculate the remainder when (-4180)/(-28) - 22/77 is divided by 81.
68
Let u(c) = c**2 - 3*c + 2. Let f be u(-8). Suppose 3*p + 18 = f. Calculate the remainder when 46 is divided by p.
22
Let a = 187 + -104. What is the remainder when a is divided by 21?
20
Suppose h = -w + 4, -3*h - 2*w + 0*w + 10 = 0. Suppose -h*l + 6*l - 76 = 0. Let k(m) = 15*m - 5. Calculate the remainder when k(4) is divided by l.
17
Let i be (-12)/(-9)*(-3)/(-2). Suppose 2*y = -t + 24, y + i - 7 = 0. Calculate the remainder when (-2 - (-9)/(9/(-4)))/(1/(-9)) is divided by t.
12
Let d(k) = -k + 10. Let b be d(5). Suppose b = f - 0*s - s, 3*f - 4*s = 10. What is the remainder when f is divided by 2?
0
Suppose 16*y = 32*y - 1104. Calculate the remainder when y is divided by 18.
15
Let j(r) = r**3 + r - 5. Let x be j(5). Suppose -75 = -5*h + x. Let y = 13 - -1. What is the remainder when h is divided by y?
12
Let s = 5 - -1. Let w = 19 + -10. What is the remainder when 17 is divided by 62/s + (-3)/w?
7
Let g = 165 - 102. What is the remainder when g is divided by 34?
29
Let i = 25 + -15. Let x = -65 + 10. Let k = -6 - x. Calculate the remainder when k is divided by i.
9
Suppose -248*m + 227*m + 1176 = 0. What is the remainder when 505 is divided by m?
1
Suppose 0*a - 2*a = -78. Let h = a + -27. Suppose 2*x - d - h = x, -2*d = -3*x + 35. What is the remainder when x is divided by 4?
3
Suppose 0 = 3*n - 7*n - 308. Let v(i) = i**2 + i - 3. Calculate the remainder when v(-6) is divided by 33/n + 52/7.
6
Suppose 4*r - 6 = -350. Let s be 28/(-70) - r/(-10). Let h(i) = i + 21. Calculate the remainder when 70 is divided by h(s).
10
Let t(i) = 2*i**2 + 8*i + 6. Let a(k) = -5*k**2 - 23*k - 19. Let d(b) = -3*a(b) - 8*t(b). What is the remainder when 48 is divided by d(4)?
9
Suppose 17*m + 11*m = 32*m - 132. Calculate the remainder when (1 - -2)*164/3 is divided by m.
32
Let v(z) = -203*z + 652. Calculate the remainder when v(3) is divided by 35.
8
What is the remainder when (-1 - -335)*6/4 is divided by 21?
18
Let a = -988 + 1000. What is the remainder when 95 is divided by a?
11
Let m(r) = 3*r**2 - 3*r - 1. Let j(p) be the first derivative of -p**3/3 + 3*p**2 - p - 4. Let o be j(4). Calculate the remainder when m(o) is divided by 32.
29
Let u be (-5)/(-10) - (-6)/4. Calculate the remainder when (u + (1 - -111))*5/10 is divided by 12.
9
Let a(m) = m**3 - 9*m**2 - 14*m - 14. Calculate the remainder when a(11) is divided by 24.
2
Suppose -4*b = -3*o + 8, 2*o + 4 = -b + 2. Suppose -6*u + 8*u - 22 = o. Calculate the remainder when 52 is divided by u.
8
Suppose 0 = -42*u + 33*u + 396. Calculate the remainder when 124 is divided by u.
36
What is the remainder when (3 + -220)*6/(-14) is divided by 16?
13
Suppose 0 = 61*j - 56*j - 50. Suppose j*h = 12*h - 58. What is the remainder when 55 is divided by h?
26
Let z(w) = 8 - 106*w + 105*w - 2*w**3 - 8*w**2 + 0. Calculate the remainder when z(-5) is divided by 16.
15
Suppose -3*j = 4*o - 830, j - 6*o + 2*o - 282 = 0. Calculate the remainder when j is divided by (-8)/(-24) + 238/6.
38
Suppose -3*o = 5*v - 43, -5*o + 2*v - 3*v + 79 = 0. Let z = 42 - o. Calculate the remainder when 76 is divided by z.
24
Let s be (5/2)/((-8)/(-16)). Suppose -3*g = -5*g + 2*w + 158, 0 = -s*g + w + 411. Calculate the remainder when g is divided by 17.
15
Suppose 0 = -0*f - 4*f - 2*l - 14, 2*f + 22 = 4*l. Let m(g) = -2*g**3 - 8*g**2 - 5*g + 1. Calculate the remainder when m(f) is divided by 40.
36
Let p(y) = -y**2 - 61*y - 923. Suppose -4*b + 91 = 15. Calculate the remainder when b is divided by p(-31).
5
Calculate the remainder when ((-1586)/(-78))/((-2)/(-6)) is divided by 34.
27
Let p(s) = -8*s + 44. Let z be p(5). Suppose 7*d - 3*d + z*j - 72 = 0, 2*j - 75 = -5*d. Calculate the remainder when d is divided by 5.
3
Suppose 11*k = 297 + 759. Let a(h) = -h**3 + 6*h**2 + 2*h + 5. Let r be a(6). Let i = k - r. What is the remainder when i is divided by 20?
19
Let q be 10/5 - 6 - 16/(-2). Let r = 3 + 0. Calculate the remainder when r is divided by -8*(4 - 17/q).
1
Let s be 1/(3/(-12)) + 50. Let d = -36 + s. What is the remainder when 58 is divided by d?
8
Let t = -76 - -112. What is the remainder when 42/8*(6 - 2) is divided by t/15*10/3?
5
Suppose -14*d = -10*d - 36. Suppose 4*v = 51 + 225. What is the remainder when v is divided by d?
6
Let z be 1/(0 + 3/9